ime factors of 653001.
3, 217667
List the prime factors of 5931074.
2, 2965537
What are the prime factors of 344756?
2, 79, 1091
What are the prime factors of 28608863?
28608863
What are the prime factors of 972200?
2, 5, 4861
What are the prime factors of 9898200?
2, 3, 5, 13, 47
What are the prime factors of 497847?
3, 7, 151, 157
List the prime factors of 59499.
3, 11, 601
List the prime factors of 62795.
5, 19, 661
What are the prime factors of 5321094?
2, 3, 29, 53, 577
What are the prime factors of 16254690?
2, 3, 5, 19, 28517
List the prime factors of 175331.
13, 13487
List the prime factors of 4134414.
2, 3, 29, 23761
What are the prime factors of 1284434?
2, 642217
What are the prime factors of 5582364?
2, 3, 173, 2689
List the prime factors of 510749.
47, 10867
What are the prime factors of 2535076?
2, 89, 7121
What are the prime factors of 1349171?
17, 19, 4177
List the prime factors of 239901.
3, 79967
List the prime factors of 424774.
2, 7, 30341
List the prime factors of 132243.
3, 17, 2593
What are the prime factors of 395635?
5, 67, 1181
What are the prime factors of 676233?
3, 227, 331
What are the prime factors of 255901?
17, 15053
List the prime factors of 116555.
5, 23311
List the prime factors of 1870753.
1129, 1657
List the prime factors of 520090.
2, 5, 52009
What are the prime factors of 842091?
3, 280697
List the prime factors of 9669450.
2, 3, 5, 7, 9209
List the prime factors of 1620306.
2, 3, 90017
What are the prime factors of 247418?
2, 17, 19, 383
List the prime factors of 7546220.
2, 5, 11, 34301
What are the prime factors of 908024?
2, 13, 8731
What are the prime factors of 858220?
2, 5, 11, 47, 83
What are the prime factors of 2583503?
13, 15287
List the prime factors of 9780258.
2, 3, 67, 24329
What are the prime factors of 1120511?
7, 160073
List the prime factors of 97213.
97213
What are the prime factors of 3460401?
3, 7, 17, 359
List the prime factors of 4681454.
2, 2340727
List the prime factors of 336645.
3, 5, 7481
What are the prime factors of 4054049?
19, 23, 9277
What are the prime factors of 11871014?
2, 79, 75133
List the prime factors of 1781262.
2, 3, 7, 67, 211
List the prime factors of 1022232.
2, 3, 191, 223
What are the prime factors of 21519527?
547, 39341
What are the prime factors of 154296?
2, 3, 2143
What are the prime factors of 6790931?
7, 970133
What are the prime factors of 8048939?
17, 27851
What are the prime factors of 56296?
2, 31, 227
What are the prime factors of 2937401?
2937401
What are the prime factors of 17979974?
2, 23, 390869
List the prime factors of 2483304.
2, 3, 103471
List the prime factors of 442247.
13, 34019
List the prime factors of 8877945.
3, 5, 591863
What are the prime factors of 16721596?
2, 19, 220021
List the prime factors of 108082.
2, 13, 4157
What are the prime factors of 550860?
2, 3, 5, 9181
What are the prime factors of 7966932?
2, 3, 179, 3709
What are the prime factors of 2240112?
2, 3, 7, 59, 113
What are the prime factors of 1185975?
3, 5, 7, 251
List the prime factors of 14127792.
2, 3, 7, 19, 2213
What are the prime factors of 4917762?
2, 3, 29, 9421
What are the prime factors of 24507914?
2, 17, 41, 17581
List the prime factors of 576203.
576203
What are the prime factors of 566936?
2, 70867
What are the prime factors of 568470?
2, 3, 5, 7, 2707
What are the prime factors of 712335?
3, 5, 13, 281
List the prime factors of 657981.
3, 29, 2521
List the prime factors of 3493464.
2, 3, 13, 11197
List the prime factors of 715260.
2, 3, 5, 7, 13, 131
What are the prime factors of 842814?
2, 3, 7, 6689
What are the prime factors of 16919513?
13, 23, 71, 797
List the prime factors of 181175.
5, 7247
What are the prime factors of 1124321?
11, 43, 2377
What are the prime factors of 4609751?
4609751
List the prime factors of 1990408.
2, 7, 35543
What are the prime factors of 112234?
2, 17, 3301
What are the prime factors of 23618327?
23618327
List the prime factors of 139306.
2, 69653
What are the prime factors of 2264151?
3, 754717
What are the prime factors of 2243769?
3, 11, 67993
List the prime factors of 1244774.
2, 17, 31, 1181
List the prime factors of 8014924.
2, 199, 10069
List the prime factors of 273168.
2, 3, 7, 271
What are the prime factors of 343487?
389, 883
List the prime factors of 492563.
492563
List the prime factors of 183740.
2, 5, 9187
What are the prime factors of 776041?
7, 110863
What are the prime factors of 155019?
3, 51673
List the prime factors of 3712864.
2, 116027
What are the prime factors of 8669178?
2, 3, 7, 9829
What are the prime factors of 4286724?
2, 3, 13, 27479
List the prime factors of 1487690.
2, 5, 31, 4799
What are the prime factors of 24978?
2, 3, 23, 181
What are the prime factors of 443897?
19, 61, 383
List the prime factors of 26042.
2, 29, 449
What are the prime factors of 299655?
3, 5, 6659
What are the prime factors of 568051?
11, 113, 457
What are the prime factors of 9076047?
3, 41, 113, 653
List the prime factors of 4809425.
5, 192377
List the prime factors of 16214157.
3, 103, 17491
What are the prime factors of 444016?
2, 27751
What are the prime factors of 3045814?
2, 19, 80153
List the prime factors of 16986793.
373, 45541
What are the prime factors of 261455?
5, 52291
What are the prime factors of 4474361?
4474361
What are the prime factors of 26246347?
73, 359539
What are the prime factors of 13132059?
3, 19, 230387
List the prime factors of 779282.
2, 7, 55663
List the prime factors of 97084.
2, 13, 1867
List the prime factors of 1015682.
2, 17, 29873
What are the prime factors of 1730334?
2, 3, 288389
List the prime factors of 46535.
5, 41, 227
List the prime factors of 1329490.
2, 5, 132949
What are the prime factors of 6449246?
2, 19, 23, 47, 157
List the prime factors of 48350.
2, 5, 967
List the prime factors of 3207410.
2, 5, 320741
What are the prime factors of 20657315?
5, 7, 31, 79, 241
List the prime factors of 5742651.
3, 17, 112601
What are the prime factors of 134050?
2, 5, 7, 383
What are the prime factors of 566875?
5, 907
What are the prime factors of 1269509?
17, 53, 1409
What are the prime factors of 308109?
3, 31, 3313
List the prime factors of 804827.
89, 9043
List the prime factors of 12412045.
5, 1153, 2153
List the prime factors of 456564.
2, 3, 38047
What are the prime factors of 3489347?
3489347
What are the prime factors of 23633308?
2, 5908327
List the prime factors of 4682495.
5, 936499
What are the prime factors of 1477141?
181, 8161
List the prime factors of 551270.
2, 5, 55127
What are the prime factors of 2656305?
3, 5, 59029
What are the prime factors of 247631?
29, 8539
List the prime factors of 340120.
2, 5, 11, 773
What are the prime factors of 31777?
43, 739
List the prime factors of 5951991.
3, 1983997
What are the prime factors of 711441?
3, 137, 577
What are the prime factors of 238297?
31, 7687
List the prime factors of 867150.
2, 3, 5, 41, 47
What are the prime factors of 1289971?
1289971
List the prime factors of 240397.
17, 79, 179
What are the prime factors of 1953940?
2, 5, 151, 647
List the prime factors of 3012119.
11, 61, 67
What are the prime factors of 2182704?
2, 3, 37, 1229
List the prime factors of 17003403.
3, 1889267
What are the prime factors of 301027?
301027
What are the prime factors of 199423?
7, 31, 919
List the prime factors of 6716173.
17, 395069
What are the prime factors of 401227?
607, 661
List the prime factors of 12214419.
3, 7, 581639
List the prime factors of 6158271.
3, 7, 41893
List the prime factors of 393833.
11, 35803
List the prime factors of 6279254.
2, 29, 108263
What are the prime factors of 1903170?
2, 3, 5, 63439
List the prime factors of 3849633.
3, 17, 8387
List the prime factors of 326277.
3, 7, 5179
What are the prime factors of 198296?
2, 7, 3541
List the prime factors of 4537858.
2, 13, 174533
List the prime factors of 3212210.
2, 5, 321221
What are the prime factors of 243736?
2, 30467
List the prime factors of 56138.
2, 28069
List the prime factors of 754750.
2, 5, 3019
List the prime factors of 7128654.
2, 3, 13, 91393
What are the prime factors of 4175767?
337, 12391
What are the prime factors of 2571612?
2, 3, 19, 11279
List the prime factors of 2140161.
3, 601, 1187
List the prime factors of 82